{"id":4325,"date":"2021-07-19T15:59:01","date_gmt":"2021-07-19T13:59:01","guid":{"rendered":"http:\/\/www.be-yourself.bz.it\/?page_id=4325"},"modified":"2021-08-03T10:07:19","modified_gmt":"2021-08-03T08:07:19","slug":"privacy","status":"publish","type":"page","link":"https:\/\/www.be-yourself.bz.it\/it\/home\/privacy\/","title":{"rendered":"Privacy"},"content":{"rendered":"\t\t<div data-elementor-type=\"wp-page\" data-elementor-id=\"4325\" class=\"elementor elementor-4325 elementor-3616\" data-elementor-settings=\"[]\">\n\t\t\t\t\t\t\t<div class=\"elementor-section-wrap\">\n\t\t\t\t\t\t\t<section class=\"elementor-section elementor-top-section elementor-element elementor-element-2231fcc2 everleigh-about-me-section everleigh-custom-two elementor-section-boxed elementor-section-height-default elementor-section-height-default\" data-id=\"2231fcc2\" data-element_type=\"section\">\n\t\t\t\t\t\t<div class=\"elementor-container elementor-column-gap-default\">\n\t\t\t\t\t<div class=\"elementor-column elementor-col-50 elementor-top-column elementor-element elementor-element-17ffb5e4 everleigh-about-me-image-column\" data-id=\"17ffb5e4\" data-element_type=\"column\">\n\t\t\t<div class=\"elementor-widget-wrap elementor-element-populated\">\n\t\t\t\t\t\t\t\t<div class=\"elementor-element elementor-element-74e85610 everleigh-no-bottom elementor-widget elementor-widget-spacer\" data-id=\"74e85610\" data-element_type=\"widget\" data-widget_type=\"spacer.default\">\n\t\t\t\t<div class=\"elementor-widget-container\">\n\t\t\t\t\t<div class=\"elementor-spacer\">\n\t\t\t<div class=\"elementor-spacer-inner\"><\/div>\n\t\t<\/div>\n\t\t\t\t<\/div>\n\t\t\t\t<\/div>\n\t\t\t\t<div class=\"elementor-element elementor-element-d07d7f4 everleigh-no-bottom elementor-widget elementor-widget-image\" data-id=\"d07d7f4\" data-element_type=\"widget\" data-widget_type=\"image.default\">\n\t\t\t\t<div class=\"elementor-widget-container\">\n\t\t\t\t\t\t\t\t\t\t\t\t\t\t\t<img loading=\"lazy\" decoding=\"async\" width=\"2083\" height=\"2083\" src=\"https:\/\/www.be-yourself.bz.it\/wp-content\/uploads\/2021\/07\/by_6_grey_500-1.jpg\" class=\"attachment-full size-full\" alt=\"\" srcset=\"https:\/\/www.be-yourself.bz.it\/wp-content\/uploads\/2021\/07\/by_6_grey_500-1.jpg 2083w, https:\/\/www.be-yourself.bz.it\/wp-content\/uploads\/2021\/07\/by_6_grey_500-1-300x300.jpg 300w, https:\/\/www.be-yourself.bz.it\/wp-content\/uploads\/2021\/07\/by_6_grey_500-1-1024x1024.jpg 1024w, https:\/\/www.be-yourself.bz.it\/wp-content\/uploads\/2021\/07\/by_6_grey_500-1-150x150.jpg 150w, https:\/\/www.be-yourself.bz.it\/wp-content\/uploads\/2021\/07\/by_6_grey_500-1-768x768.jpg 768w, https:\/\/www.be-yourself.bz.it\/wp-content\/uploads\/2021\/07\/by_6_grey_500-1-1536x1536.jpg 1536w, https:\/\/www.be-yourself.bz.it\/wp-content\/uploads\/2021\/07\/by_6_grey_500-1-2048x2048.jpg 2048w, https:\/\/www.be-yourself.bz.it\/wp-content\/uploads\/2021\/07\/by_6_grey_500-1-1200x1200.jpg 1200w, https:\/\/www.be-yourself.bz.it\/wp-content\/uploads\/2021\/07\/by_6_grey_500-1-1650x1650.jpg 1650w, https:\/\/www.be-yourself.bz.it\/wp-content\/uploads\/2021\/07\/by_6_grey_500-1-900x900.jpg 900w\" sizes=\"auto, (max-width: 2083px) 100vw, 2083px\" \/>\t\t\t\t\t\t\t\t\t\t\t\t\t\t\t<\/div>\n\t\t\t\t<\/div>\n\t\t\t\t\t<\/div>\n\t\t<\/div>\n\t\t\t\t<div class=\"elementor-column elementor-col-50 elementor-top-column elementor-element elementor-element-474c31c7 everleigh-about-me-text-column elementor-custom-two\" data-id=\"474c31c7\" data-element_type=\"column\">\n\t\t\t<div class=\"elementor-widget-wrap elementor-element-populated\">\n\t\t\t\t\t\t\t\t<div class=\"elementor-element elementor-element-1c794425 everleigh-no-bottom everleigh-custom-headline elementor-widget elementor-widget-html\" data-id=\"1c794425\" data-element_type=\"widget\" data-widget_type=\"html.default\">\n\t\t\t\t<div class=\"elementor-widget-container\">\n\t\t\t<h2><span class=\"everleigh-accent\">Privacy<\/span>\t\t<\/div>\n\t\t\t\t<\/div>\n\t\t\t\t<div class=\"elementor-element elementor-element-4715ceb everleigh-no-bottom-p elementor-widget elementor-widget-text-editor\" data-id=\"4715ceb\" data-element_type=\"widget\" data-widget_type=\"text-editor.default\">\n\t\t\t\t<div class=\"elementor-widget-container\">\n\t\t\t\t\t\t\t\t<p>Dichiarazione rilasciata ai sensi dell&#8217;Art. 13 del Regolamento (UE) 2016\/679 del Parlamento Europeo e del Consiglio del 27 aprile 2016 relativo alla protezione delle persone fisiche con riguardo al trattamento dei dati personali, nonch\u00e9 alla libera circolazione di tali dati e che abroga la direttiva 95\/46\/CE (Regolamento generale sulla protezione dei dati).\u00a0<\/p><p>Responsabile dell&#8217;elaborazione dei dati:<br \/>BE YOURSELF &#8211;\u00a0Barbara Zisser<br \/>Passeggiata di S. Osvaldo, 1<br \/>I-39100 Bolzano (BZ)<\/p><p>T. +39 348 826 87 39<br \/><a href=\"mailto:info@be-yourself.bz.it\">info@be-yourself.bz.it<\/a><br \/><a href=\"mailto:zisser.barbara@pec.it\">zisser.barbara@pec.it<\/a><\/p>\t\t\t\t\t\t<\/div>\n\t\t\t\t<\/div>\n\t\t\t\t\t<\/div>\n\t\t<\/div>\n\t\t\t\t\t\t\t<\/div>\n\t\t<\/section>\n\t\t\t\t<section class=\"elementor-section elementor-top-section elementor-element elementor-element-cbd5e72 elementor-section-boxed elementor-section-height-default elementor-section-height-default\" data-id=\"cbd5e72\" data-element_type=\"section\">\n\t\t\t\t\t\t<div class=\"elementor-container elementor-column-gap-wider\">\n\t\t\t\t\t<div class=\"elementor-column elementor-col-50 elementor-top-column elementor-element elementor-element-165809b\" data-id=\"165809b\" data-element_type=\"column\">\n\t\t\t<div class=\"elementor-widget-wrap elementor-element-populated\">\n\t\t\t\t\t\t\t\t<div class=\"elementor-element elementor-element-ce1ad26 everleigh-no-bottom everleigh-custom-headline elementor-widget elementor-widget-html\" data-id=\"ce1ad26\" data-element_type=\"widget\" data-widget_type=\"html.default\">\n\t\t\t\t<div class=\"elementor-widget-container\">\n\t\t\t<h2><span\"everleigh-accent\">Finalit\u00e0 del trattamento<\/span>\t\t<\/div>\n\t\t\t\t<\/div>\n\t\t\t\t<div class=\"elementor-element elementor-element-9395544 elementor-widget elementor-widget-text-editor\" data-id=\"9395544\" data-element_type=\"widget\" data-widget_type=\"text-editor.default\">\n\t\t\t\t<div class=\"elementor-widget-container\">\n\t\t\t\t\t\t\t\t<p>La nostra azienda garantisce nell\u2019ambito delle previsioni normative che il trattamento dei dati personali si svolge nel rispetto dei diritti e delle libert\u00e0 fondamentali, nonch\u00e9 della dignit\u00e0 dell\u2019interessato, con particolare riferimento alla riservatezza, all\u2019identit\u00e0 personale e al diritto alla protezione dei dati personali.<\/p><p>Finalit\u00e0 del trattamento:<br \/>&#8211; adempiere agli obblighi di legge, dai regolamenti, dalla normativa comunitaria, da norme civilistiche e fiscali.<br \/>&#8211; adempiere agli eventuali obblighi contrattuali nei confronti del interessato.<br \/>&#8211; adempiere ad attivit\u00e0 connesse all\u2019attivit\u00e0 economica della nostra societ\u00e0, come compilazione delle anagrafiche e statistiche interne, per la fatturazione, la tenuta della contabilit\u00e0 clienti-fornitori.<br \/>&#8211; finalit\u00e0 di tipo commerciale, come invio di informazioni commerciali e materiale pubblicitario (via posta, fax ed e-mail), di marketing e ricerche di mercato.<\/p>\t\t\t\t\t\t<\/div>\n\t\t\t\t<\/div>\n\t\t\t\t<div class=\"elementor-element elementor-element-2474d61 everleigh-no-bottom everleigh-custom-headline elementor-widget elementor-widget-html\" data-id=\"2474d61\" data-element_type=\"widget\" data-widget_type=\"html.default\">\n\t\t\t\t<div class=\"elementor-widget-container\">\n\t\t\t<h2><span\"everleigh-accent\">Il trattamento dei dati<\/span>\t\t<\/div>\n\t\t\t\t<\/div>\n\t\t\t\t<div class=\"elementor-element elementor-element-70b5230 elementor-widget elementor-widget-text-editor\" data-id=\"70b5230\" data-element_type=\"widget\" data-widget_type=\"text-editor.default\">\n\t\t\t\t<div class=\"elementor-widget-container\">\n\t\t\t\t\t\t\t\t<p>Il trattamento potr\u00e0 effettuarsi con o senza l\u2019ausilio di mezzi elettronici e comunque automatizzati e comprender\u00e0 tutte le operazioni necessarie al trattamento in questione. Comunque il trattamento sar\u00e0 effettuato nell\u2019osservanza di ogni misura cautelativa, che ne garantisca la sicurezza e la riservatezza.<\/p>\t\t\t\t\t\t<\/div>\n\t\t\t\t<\/div>\n\t\t\t\t\t<\/div>\n\t\t<\/div>\n\t\t\t\t<div class=\"elementor-column elementor-col-50 elementor-top-column elementor-element elementor-element-d6f1a56\" data-id=\"d6f1a56\" data-element_type=\"column\">\n\t\t\t<div class=\"elementor-widget-wrap elementor-element-populated\">\n\t\t\t\t\t\t\t\t<div class=\"elementor-element elementor-element-3312fe9 everleigh-no-bottom everleigh-custom-headline elementor-widget elementor-widget-html\" data-id=\"3312fe9\" data-element_type=\"widget\" data-widget_type=\"html.default\">\n\t\t\t\t<div class=\"elementor-widget-container\">\n\t\t\t<h2><span\"everleigh-accent\">Diritti dell\u2019interessato<\/span>\t\t<\/div>\n\t\t\t\t<\/div>\n\t\t\t\t<div class=\"elementor-element elementor-element-6cc29bb elementor-widget elementor-widget-text-editor\" data-id=\"6cc29bb\" data-element_type=\"widget\" data-widget_type=\"text-editor.default\">\n\t\t\t\t<div class=\"elementor-widget-container\">\n\t\t\t\t\t\t\t\t<p>Il Codice della Privacy conferisce agli interessati l\u2019esercizio di specifici diritti. In particolare pu\u00f2 ottenere dal titolare la conferma dell\u2019esistenza o meno di propri dati personali che lo riguardano e la loro comunicazione in forma intelligibile. L\u2019interessato pu\u00f2 altres\u00ec chiedere di conoscere l\u2019origine dei dati, le finalit\u00e0 e modalit\u00e0 del trattamento nonch\u00e9 la logica applicato in caso trattamento effettuato con l\u2019ausilio di strumenti elettronici, l\u2019identificazione degli estremi identificativi del titolare, dei responsabili nominati e dei soggetti e categorie di soggetti ai quali i dati possono essere comunicati o che possono venire a conoscenza.<br \/>L\u2019interessato ha il diritto di ottenere l\u2019aggiornamento, la rettificazione, l\u2019integrazione, la cancellazione, la trasformazione in via anonima o il blocco dei dati trattati in violazione di legge. L\u2019interessato ha diritto di opporsi, in tutto o in parte, per motivi legittimi al trattamento dei dati personali che lo riguardano, ancorch\u00e9 pertinenti allo scopo della raccolta, e senza motivo al trattamento che lo riguarda a fini di invio di materiale pubblicitario o di vendita diretta o per il compimento di ricerche di mercato o di comunicazione commerciale. I diritti in oggetto possono essere esercitati, anche per il tramite di un incaricato, mediante richiesta rivolta al responsabile nominato.<\/p>\t\t\t\t\t\t<\/div>\n\t\t\t\t<\/div>\n\t\t\t\t<div class=\"elementor-element elementor-element-d5b02c0 everleigh-no-bottom everleigh-custom-headline elementor-widget elementor-widget-html\" data-id=\"d5b02c0\" data-element_type=\"widget\" data-widget_type=\"html.default\">\n\t\t\t\t<div class=\"elementor-widget-container\">\n\t\t\t<h2><span\"everleigh-accent\">Il titolare del trattamento dei dati personali<\/span>\t\t<\/div>\n\t\t\t\t<\/div>\n\t\t\t\t<div class=\"elementor-element elementor-element-90643d4 elementor-widget elementor-widget-text-editor\" data-id=\"90643d4\" data-element_type=\"widget\" data-widget_type=\"text-editor.default\">\n\t\t\t\t<div class=\"elementor-widget-container\">\n\t\t\t\t\t\t\t\t<p>Barbara Zisser, Passeggiata di S. Osvaldo 1, I-39100 Bolzano (BZ),<br \/>email: <a href=\"mailto:info@be-yourself.bz.it\">info@be-yourself.bz.it\u00a0<\/a><\/p>\t\t\t\t\t\t<\/div>\n\t\t\t\t<\/div>\n\t\t\t\t\t<\/div>\n\t\t<\/div>\n\t\t\t\t\t\t\t<\/div>\n\t\t<\/section>\n\t\t\t\t\t\t<\/div>\n\t\t\t\t\t<\/div>\n\t\t","protected":false},"excerpt":{"rendered":"<p>Privacy Dichiarazione rilasciata ai sensi dell&#8217;Art. 13 del Regolamento (UE) 2016\/679 del Parlamento Europeo e del Consiglio del 27 aprile 2016 relativo alla protezione delle persone fisiche con riguardo al trattamento dei dati personali, nonch\u00e9 alla libera circolazione di tali dati e che abroga la direttiva 95\/46\/CE (Regolamento generale sulla protezione dei dati).\u00a0 Responsabile dell&#8217;elaborazione [&hellip;]<\/p>\n","protected":false},"author":1,"featured_media":0,"parent":4312,"menu_order":0,"comment_status":"closed","ping_status":"closed","template":"","meta":{"footnotes":""},"class_list":["post-4325","page","type-page","status-publish","hentry"],"aioseo_notices":[],"_links":{"self":[{"href":"https:\/\/www.be-yourself.bz.it\/it\/wp-json\/wp\/v2\/pages\/4325","targetHints":{"allow":["GET"]}}],"collection":[{"href":"https:\/\/www.be-yourself.bz.it\/it\/wp-json\/wp\/v2\/pages"}],"about":[{"href":"https:\/\/www.be-yourself.bz.it\/it\/wp-json\/wp\/v2\/types\/page"}],"author":[{"embeddable":true,"href":"https:\/\/www.be-yourself.bz.it\/it\/wp-json\/wp\/v2\/users\/1"}],"replies":[{"embeddable":true,"href":"https:\/\/www.be-yourself.bz.it\/it\/wp-json\/wp\/v2\/comments?post=4325"}],"version-history":[{"count":31,"href":"https:\/\/www.be-yourself.bz.it\/it\/wp-json\/wp\/v2\/pages\/4325\/revisions"}],"predecessor-version":[{"id":4776,"href":"https:\/\/www.be-yourself.bz.it\/it\/wp-json\/wp\/v2\/pages\/4325\/revisions\/4776"}],"up":[{"embeddable":true,"href":"https:\/\/www.be-yourself.bz.it\/it\/wp-json\/wp\/v2\/pages\/4312"}],"wp:attachment":[{"href":"https:\/\/www.be-yourself.bz.it\/it\/wp-json\/wp\/v2\/media?parent=4325"}],"curies":[{"name":"wp","href":"https:\/\/api.w.org\/{rel}","templated":true}]}}

<div data-elementor-type="wp-page" data-elementor-id="4325" class="elementor elementor-4325 elementor-3616" data-elementor-settings="[]">
							<div class="elementor-section-wrap">
							<section class="elementor-section elementor-top-section elementor-element elementor-element-2231fcc2 everleigh-about-me-section everleigh-custom-two elementor-section-boxed elementor-section-height-default elementor-section-height-default" data-id="2231fcc2" data-element_type="section">
						<div class="elementor-container elementor-column-gap-default">
					<div class="elementor-column elementor-col-50 elementor-top-column elementor-element elementor-element-17ffb5e4 everleigh-about-me-image-column" data-id="17ffb5e4" data-element_type="column">
			<div class="elementor-widget-wrap elementor-element-populated">
								<div class="elementor-element elementor-element-74e85610 everleigh-no-bottom elementor-widget elementor-widget-spacer" data-id="74e85610" data-element_type="widget" data-widget_type="spacer.default">
				<div class="elementor-widget-container">
					<div class="elementor-spacer">
			<div class="elementor-spacer-inner"></div>
		</div>
				</div>
				</div>
				<div class="elementor-element elementor-element-d07d7f4 everleigh-no-bottom elementor-widget elementor-widget-image" data-id="d07d7f4" data-element_type="widget" data-widget_type="image.default">
				<div class="elementor-widget-container">
															<img loading="lazy" decoding="async" width="2083" height="2083" src="https://www.be-yourself.bz.it/wp-content/uploads/2021/07/by_6_grey_500-1.jpg" class="attachment-full size-full" alt="" srcset="https://www.be-yourself.bz.it/wp-content/uploads/2021/07/by_6_grey_500-1.jpg 2083w, https://www.be-yourself.bz.it/wp-content/uploads/2021/07/by_6_grey_500-1-300x300.jpg 300w, https://www.be-yourself.bz.it/wp-content/uploads/2021/07/by_6_grey_500-1-1024x1024.jpg 1024w, https://www.be-yourself.bz.it/wp-content/uploads/2021/07/by_6_grey_500-1-150x150.jpg 150w, https://www.be-yourself.bz.it/wp-content/uploads/2021/07/by_6_grey_500-1-768x768.jpg 768w, https://www.be-yourself.bz.it/wp-content/uploads/2021/07/by_6_grey_500-1-1536x1536.jpg 1536w, https://www.be-yourself.bz.it/wp-content/uploads/2021/07/by_6_grey_500-1-2048x2048.jpg 2048w, https://www.be-yourself.bz.it/wp-content/uploads/2021/07/by_6_grey_500-1-1200x1200.jpg 1200w, https://www.be-yourself.bz.it/wp-content/uploads/2021/07/by_6_grey_500-1-1650x1650.jpg 1650w, https://www.be-yourself.bz.it/wp-content/uploads/2021/07/by_6_grey_500-1-900x900.jpg 900w" sizes="auto, (max-width: 2083px) 100vw, 2083px" />															</div>
				</div>
					</div>
		</div>
				<div class="elementor-column elementor-col-50 elementor-top-column elementor-element elementor-element-474c31c7 everleigh-about-me-text-column elementor-custom-two" data-id="474c31c7" data-element_type="column">
			<div class="elementor-widget-wrap elementor-element-populated">
								<div class="elementor-element elementor-element-1c794425 everleigh-no-bottom everleigh-custom-headline elementor-widget elementor-widget-html" data-id="1c794425" data-element_type="widget" data-widget_type="html.default">
				<div class="elementor-widget-container">
			<h2><span class="everleigh-accent">Privacy</span>		</div>
				</div>
				<div class="elementor-element elementor-element-4715ceb everleigh-no-bottom-p elementor-widget elementor-widget-text-editor" data-id="4715ceb" data-element_type="widget" data-widget_type="text-editor.default">
				<div class="elementor-widget-container">
								<p>Dichiarazione rilasciata ai sensi dell&#8217;Art. 13 del Regolamento (UE) 2016/679 del Parlamento Europeo e del Consiglio del 27 aprile 2016 relativo alla protezione delle persone fisiche con riguardo al trattamento dei dati personali, nonché alla libera circolazione di tali dati e che abroga la direttiva 95/46/CE (Regolamento generale sulla protezione dei dati). </p><p>Responsabile dell&#8217;elaborazione dei dati:<br />BE YOURSELF &#8211; Barbara Zisser<br />Passeggiata di S. Osvaldo, 1<br />I-39100 Bolzano (BZ)</p><p>T. +39 348 826 87 39<br /><a href="mailto:info@be-yourself.bz.it">info@be-yourself.bz.it</a><br /><a href="mailto:zisser.barbara@pec.it">zisser.barbara@pec.it</a></p>						</div>
				</div>
					</div>
		</div>
							</div>
		</section>
				<section class="elementor-section elementor-top-section elementor-element elementor-element-cbd5e72 elementor-section-boxed elementor-section-height-default elementor-section-height-default" data-id="cbd5e72" data-element_type="section">
						<div class="elementor-container elementor-column-gap-wider">
					<div class="elementor-column elementor-col-50 elementor-top-column elementor-element elementor-element-165809b" data-id="165809b" data-element_type="column">
			<div class="elementor-widget-wrap elementor-element-populated">
								<div class="elementor-element elementor-element-ce1ad26 everleigh-no-bottom everleigh-custom-headline elementor-widget elementor-widget-html" data-id="ce1ad26" data-element_type="widget" data-widget_type="html.default">
				<div class="elementor-widget-container">
			<h2><span"everleigh-accent">Finalità del trattamento</span>		</div>
				</div>
				<div class="elementor-element elementor-element-9395544 elementor-widget elementor-widget-text-editor" data-id="9395544" data-element_type="widget" data-widget_type="text-editor.default">
				<div class="elementor-widget-container">
								<p>La nostra azienda garantisce nell’ambito delle previsioni normative che il trattamento dei dati personali si svolge nel rispetto dei diritti e delle libertà fondamentali, nonché della dignità dell’interessato, con particolare riferimento alla riservatezza, all’identità personale e al diritto alla protezione dei dati personali.</p><p>Finalità del trattamento:<br />&#8211; adempiere agli obblighi di legge, dai regolamenti, dalla normativa comunitaria, da norme civilistiche e fiscali.<br />&#8211; adempiere agli eventuali obblighi contrattuali nei confronti del interessato.<br />&#8211; adempiere ad attività connesse all’attività economica della nostra società, come compilazione delle anagrafiche e statistiche interne, per la fatturazione, la tenuta della contabilità clienti-fornitori.<br />&#8211; finalità di tipo commerciale, come invio di informazioni commerciali e materiale pubblicitario (via posta, fax ed e-mail), di marketing e ricerche di mercato.</p>						</div>
				</div>
				<div class="elementor-element elementor-element-2474d61 everleigh-no-bottom everleigh-custom-headline elementor-widget elementor-widget-html" data-id="2474d61" data-element_type="widget" data-widget_type="html.default">
				<div class="elementor-widget-container">
			<h2><span"everleigh-accent">Il trattamento dei dati</span>		</div>
				</div>
				<div class="elementor-element elementor-element-70b5230 elementor-widget elementor-widget-text-editor" data-id="70b5230" data-element_type="widget" data-widget_type="text-editor.default">
				<div class="elementor-widget-container">
								<p>Il trattamento potrà effettuarsi con o senza l’ausilio di mezzi elettronici e comunque automatizzati e comprenderà tutte le operazioni necessarie al trattamento in questione. Comunque il trattamento sarà effettuato nell’osservanza di ogni misura cautelativa, che ne garantisca la sicurezza e la riservatezza.</p>						</div>
				</div>
					</div>
		</div>
				<div class="elementor-column elementor-col-50 elementor-top-column elementor-element elementor-element-d6f1a56" data-id="d6f1a56" data-element_type="column">
			<div class="elementor-widget-wrap elementor-element-populated">
								<div class="elementor-element elementor-element-3312fe9 everleigh-no-bottom everleigh-custom-headline elementor-widget elementor-widget-html" data-id="3312fe9" data-element_type="widget" data-widget_type="html.default">
				<div class="elementor-widget-container">
			<h2><span"everleigh-accent">Diritti dell’interessato</span>		</div>
				</div>
				<div class="elementor-element elementor-element-6cc29bb elementor-widget elementor-widget-text-editor" data-id="6cc29bb" data-element_type="widget" data-widget_type="text-editor.default">
				<div class="elementor-widget-container">
								<p>Il Codice della Privacy conferisce agli interessati l’esercizio di specifici diritti. In particolare può ottenere dal titolare la conferma dell’esistenza o meno di propri dati personali che lo riguardano e la loro comunicazione in forma intelligibile. L’interessato può altresì chiedere di conoscere l’origine dei dati, le finalità e modalità del trattamento nonché la logica applicato in caso trattamento effettuato con l’ausilio di strumenti elettronici, l’identificazione degli estremi identificativi del titolare, dei responsabili nominati e dei soggetti e categorie di soggetti ai quali i dati possono essere comunicati o che possono venire a conoscenza.<br />L’interessato ha il diritto di ottenere l’aggiornamento, la rettificazione, l’integrazione, la cancellazione, la trasformazione in via anonima o il blocco dei dati trattati in violazione di legge. L’interessato ha diritto di opporsi, in tutto o in parte, per motivi legittimi al trattamento dei dati personali che lo riguardano, ancorché pertinenti allo scopo della raccolta, e senza motivo al trattamento che lo riguarda a fini di invio di materiale pubblicitario o di vendita diretta o per il compimento di ricerche di mercato o di comunicazione commerciale. I diritti in oggetto possono essere esercitati, anche per il tramite di un incaricato, mediante richiesta rivolta al responsabile nominato.</p>						</div>
				</div>
				<div class="elementor-element elementor-element-d5b02c0 everleigh-no-bottom everleigh-custom-headline elementor-widget elementor-widget-html" data-id="d5b02c0" data-element_type="widget" data-widget_type="html.default">
				<div class="elementor-widget-container">
			<h2><span"everleigh-accent">Il titolare del trattamento dei dati personali</span>		</div>
				</div>
				<div class="elementor-element elementor-element-90643d4 elementor-widget elementor-widget-text-editor" data-id="90643d4" data-element_type="widget" data-widget_type="text-editor.default">
				<div class="elementor-widget-container">
								<p>Barbara Zisser, Passeggiata di S. Osvaldo 1, I-39100 Bolzano (BZ),<br />email: <a href="mailto:info@be-yourself.bz.it">info@be-yourself.bz.it </a></p>						</div>
				</div>
					</div>
		</div>
							</div>
		</section>
						</div>
					</div>

<p>Privacy Dichiarazione rilasciata ai sensi dell&#8217;Art. 13 del Regolamento (UE) 2016/679 del Parlamento Europeo e del Consiglio del 27 aprile 2016 relativo alla protezione delle persone fisiche con riguardo al trattamento dei dati personali, nonché alla libera circolazione di tali dati e che abroga la direttiva 95/46/CE (Regolamento generale sulla protezione dei dati).  Responsabile dell&#8217;elaborazione [&hellip;]</p>
